{"id":548,"date":"2020-08-31T18:27:20","date_gmt":"2020-08-31T18:27:20","guid":{"rendered":"https:\/\/es.alldancerules.com\/?page_id=548"},"modified":"2025-01-10T20:39:43","modified_gmt":"2025-01-10T20:39:43","slug":"nosotros-2","status":"publish","type":"page","link":"https:\/\/es.alldancerules.com\/","title":{"rendered":"C\u00d3DIGO ORG\u00c1NICO"},"content":{"rendered":"\t\t<div data-elementor-type=\"wp-page\" data-elementor-id=\"548\" class=\"elementor elementor-548\" data-elementor-post-type=\"page\">\n\t\t\t\t\t\t<section class=\"elementor-section elementor-top-section elementor-element elementor-element-22e1ec0e elementor-section-content-middle elementor-section-boxed elementor-section-height-default elementor-section-height-default\" data-id=\"22e1ec0e\" data-element_type=\"section\" data-settings=\"{&quot;background_background&quot;:&quot;classic&quot;}\">\n\t\t\t\t\t\t<div class=\"elementor-container elementor-column-gap-no\">\n\t\t\t\t\t<div class=\"elementor-column elementor-col-100 elementor-top-column elementor-element elementor-element-439877c5\" data-id=\"439877c5\" data-element_type=\"column\">\n\t\t\t<div class=\"elementor-widget-wrap elementor-element-populated\">\n\t\t\t\t\t\t<div class=\"elementor-element elementor-element-6622e816 elementor-invisible elementor-widget elementor-widget-image\" data-id=\"6622e816\" data-element_type=\"widget\" data-settings=\"{&quot;_animation&quot;:&quot;slideInUp&quot;}\" data-widget_type=\"image.default\">\n\t\t\t\t<div class=\"elementor-widget-container\">\n\t\t\t<style>\/*! elementor - v3.20.0 - 26-03-2024 *\/\n.elementor-widget-image{text-align:center}.elementor-widget-image a{display:inline-block}.elementor-widget-image a img[src$=\".svg\"]{width:48px}.elementor-widget-image img{vertical-align:middle;display:inline-block}<\/style>\t\t\t\t\t\t\t\t\t\t<img fetchpriority=\"high\" decoding=\"async\" width=\"500\" height=\"500\" src=\"https:\/\/es.alldancerules.com\/wp-content\/uploads\/2024\/03\/alldanceinternational_organiccode.jpg\" class=\"attachment-large size-large wp-image-69\" alt=\"\" srcset=\"https:\/\/es.alldancerules.com\/wp-content\/uploads\/2024\/03\/alldanceinternational_organiccode.jpg 500w, https:\/\/es.alldancerules.com\/wp-content\/uploads\/2024\/03\/alldanceinternational_organiccode-300x300.jpg 300w, https:\/\/es.alldancerules.com\/wp-content\/uploads\/2024\/03\/alldanceinternational_organiccode-150x150.jpg 150w\" sizes=\"(max-width: 500px) 100vw, 500px\" \/>\t\t\t\t\t\t\t\t\t\t\t\t\t<\/div>\n\t\t\t\t<\/div>\n\t\t\t\t<div class=\"elementor-element elementor-element-8ac2314 elementor-widget elementor-widget-toggle\" data-id=\"8ac2314\" data-element_type=\"widget\" data-widget_type=\"toggle.default\">\n\t\t\t\t<div class=\"elementor-widget-container\">\n\t\t\t<style>\/*! elementor - v3.20.0 - 26-03-2024 *\/\n.elementor-toggle{text-align:left}.elementor-toggle .elementor-tab-title{font-weight:700;line-height:1;margin:0;padding:15px;border-bottom:1px solid #d5d8dc;cursor:pointer;outline:none}.elementor-toggle .elementor-tab-title .elementor-toggle-icon{display:inline-block;width:1em}.elementor-toggle .elementor-tab-title .elementor-toggle-icon svg{margin-inline-start:-5px;width:1em;height:1em}.elementor-toggle .elementor-tab-title .elementor-toggle-icon.elementor-toggle-icon-right{float:right;text-align:right}.elementor-toggle .elementor-tab-title .elementor-toggle-icon.elementor-toggle-icon-left{float:left;text-align:left}.elementor-toggle .elementor-tab-title .elementor-toggle-icon .elementor-toggle-icon-closed{display:block}.elementor-toggle .elementor-tab-title .elementor-toggle-icon .elementor-toggle-icon-opened{display:none}.elementor-toggle .elementor-tab-title.elementor-active{border-bottom:none}.elementor-toggle .elementor-tab-title.elementor-active .elementor-toggle-icon-closed{display:none}.elementor-toggle .elementor-tab-title.elementor-active .elementor-toggle-icon-opened{display:block}.elementor-toggle .elementor-tab-content{padding:15px;border-bottom:1px solid #d5d8dc;display:none}@media (max-width:767px){.elementor-toggle .elementor-tab-title{padding:12px}.elementor-toggle .elementor-tab-content{padding:12px 10px}}.e-con-inner>.elementor-widget-toggle,.e-con>.elementor-widget-toggle{width:var(--container-widget-width);--flex-grow:var(--container-widget-flex-grow)}<\/style>\t\t<div class=\"elementor-toggle\">\n\t\t\t\t\t\t\t<div class=\"elementor-toggle-item\">\n\t\t\t\t\t<div id=\"elementor-tab-title-1451\" class=\"elementor-tab-title\" data-tab=\"1\" role=\"button\" aria-controls=\"elementor-tab-content-1451\" aria-expanded=\"false\">\n\t\t\t\t\t\t\t\t\t\t\t\t<span class=\"elementor-toggle-icon elementor-toggle-icon-left\" aria-hidden=\"true\">\n\t\t\t\t\t\t\t\t\t\t\t\t\t\t\t<span class=\"elementor-toggle-icon-closed\"><svg class=\"e-font-icon-svg e-fas-caret-right\" viewBox=\"0 0 192 512\" xmlns=\"http:\/\/www.w3.org\/2000\/svg\"><path d=\"M0 384.662V127.338c0-17.818 21.543-26.741 34.142-14.142l128.662 128.662c7.81 7.81 7.81 20.474 0 28.284L34.142 398.804C21.543 411.404 0 402.48 0 384.662z\"><\/path><\/svg><\/span>\n\t\t\t\t\t\t\t\t<span class=\"elementor-toggle-icon-opened\"><svg class=\"elementor-toggle-icon-opened e-font-icon-svg e-fas-caret-up\" viewBox=\"0 0 320 512\" xmlns=\"http:\/\/www.w3.org\/2000\/svg\"><path d=\"M288.662 352H31.338c-17.818 0-26.741-21.543-14.142-34.142l128.662-128.662c7.81-7.81 20.474-7.81 28.284 0l128.662 128.662c12.6 12.599 3.676 34.142-14.142 34.142z\"><\/path><\/svg><\/span>\n\t\t\t\t\t\t\t\t\t\t\t\t\t<\/span>\n\t\t\t\t\t\t\t\t\t\t\t\t<a class=\"elementor-toggle-title\" tabindex=\"0\">PRE\u00c1MBULO<\/a>\n\t\t\t\t\t<\/div>\n\n\t\t\t\t\t<div id=\"elementor-tab-content-1451\" class=\"elementor-tab-content elementor-clearfix\" data-tab=\"1\" role=\"region\" aria-labelledby=\"elementor-tab-title-1451\"><div class=\"nueva-regla\"><p>Somos All Dance International, la mayor organizaci\u00f3n del arte de la danza en el mundo, con m\u00e1s de 15 a\u00f1os de trayectoria y con representantes, franquiciados y embajadores en los cinco continentes. Como pioneros en la promoci\u00f3n y desarrollo de la danza a nivel global, nos enorgullecemos de ser los creadores y organizadores del prestigioso All Dance World Championship en Estados Unidos de Am\u00e9rica, adem\u00e1s de ser miembros fundadores del Bureau of Industry of the World Dance (BIWD).<\/p><p>Nuestra Misi\u00f3n es unir al mundo a trav\u00e9s de la danza. En All Dance International, integramos todas las formas de danza y a todas las personas que contribuyen a la industria danc\u00edstica mundial. Con el m\u00e9todo All Dance nos dedicamos a crear oportunidades para que quienes aman la danza puedan desarrollarse profesionalmente y vivir de su pasi\u00f3n.<\/p><p><strong>Campeonatos Oficiales All Dance International<\/strong><\/p><p>Producimos los campeonatos m\u00e1s importantes y reconocidos en la industria de la danza, como los All Dance Nationals Qualifiers, que se realizan en las diversas franquicias, los mismos que clasifican a los mejores talentos de diferentes partes del mundo para participar en nuestras grandes finales:<\/p><ul><li>All Dance World<\/li><li>All Dance Intercontinental<\/li><li>All Dance Continental America<\/li><li>All Dance Continental Europe<\/li><li>All Dance Beach<\/li><li>All Dance Centro America y El Caribe<\/li><li>All Dance Sudam\u00e9rica<\/li><\/ul><p>Promovemos la excelencia en la danza, nos enfocamos en el desarrollo integral de escuelas, maestros, core\u00f3grafos y bailarines mediante:<\/p><ul><li><strong>Evaluaciones de calidad:<\/strong> dise\u00f1adas para el perfeccionamiento t\u00e9cnico y art\u00edstico bajo los principios de justicia, inclusi\u00f3n y equidad del C\u00f3digo Org\u00e1nico de All Dance International, el mismo que es basado en la realidad formativa y educativa de las escuelas de danza alrededor del mundo.<\/li><li><strong>Campeonatos de alto nivel:<\/strong> con est\u00e1ndares de la m\u00e1s alta calidad en producciones que elevan el nivel art\u00edstico y danc\u00edstico. Es el mejor lugar para bailarines, core\u00f3grafos, directores, escuelas de danza y familias en general, donde encuentran un ambiente de j\u00fabilo, amistad, calidez humana, oportunidades de crecimiento y desarrollo.<\/li><li><strong>Programas formativos:<\/strong> enfocados en el crecimiento profesional y art\u00edstico basado en los principios de All Dance International.<\/li><\/ul><p><strong>Reconocimientos y Galardones<\/strong><\/p><p>Premiamos a los mejores exponentes de cada naci\u00f3n con los reconocimientos m\u00e1s prestigiosos de la danza:<\/p><ul><li>Trofeos Corybants y Grand Corybants<\/li><li>Medallas Terpsichore<\/li><li>Menciones especiales \u2013 All Dance Awards<\/li><\/ul><p>Los galardones simbolizan el m\u00e1ximo nivel de excelencia y dedicaci\u00f3n en la danza.<\/p><p>El impacto de All Dance International se refleja en el crecimiento continuo de nuestra comunidad global, que incluye:<\/p><ul><li>Pa\u00edses de todos los continentes,<\/li><li>Academias y escuelas de danza,<\/li><li>Core\u00f3grafos, maestros, empresarios,<\/li><li>Y, miles de bailarines apasionados.<\/li><\/ul><p>Con el m\u00e9todo probado de All Dance International hemos logrado que la danza sea una carrera y profesi\u00f3n sostenible y reconocida globalmente, que genera miles de plazas de trabajo alrededor del mundo para todos los apasionados de la danza. Nuestra misi\u00f3n es clara, dise\u00f1ar y ejecutar m\u00e9todos y procesos que aseguren el cumplimiento de los objetivos institucionales, promoviendo constantemente la profesionalizaci\u00f3n y el desarrollo global de la danza.<\/p><\/div><\/div>\n\t\t\t\t<\/div>\n\t\t\t\t\t\t\t<div class=\"elementor-toggle-item\">\n\t\t\t\t\t<div id=\"elementor-tab-title-1452\" class=\"elementor-tab-title\" data-tab=\"2\" role=\"button\" aria-controls=\"elementor-tab-content-1452\" aria-expanded=\"false\">\n\t\t\t\t\t\t\t\t\t\t\t\t<span class=\"elementor-toggle-icon elementor-toggle-icon-left\" aria-hidden=\"true\">\n\t\t\t\t\t\t\t\t\t\t\t\t\t\t\t<span class=\"elementor-toggle-icon-closed\"><svg class=\"e-font-icon-svg e-fas-caret-right\" viewBox=\"0 0 192 512\" xmlns=\"http:\/\/www.w3.org\/2000\/svg\"><path d=\"M0 384.662V127.338c0-17.818 21.543-26.741 34.142-14.142l128.662 128.662c7.81 7.81 7.81 20.474 0 28.284L34.142 398.804C21.543 411.404 0 402.48 0 384.662z\"><\/path><\/svg><\/span>\n\t\t\t\t\t\t\t\t<span class=\"elementor-toggle-icon-opened\"><svg class=\"elementor-toggle-icon-opened e-font-icon-svg e-fas-caret-up\" viewBox=\"0 0 320 512\" xmlns=\"http:\/\/www.w3.org\/2000\/svg\"><path d=\"M288.662 352H31.338c-17.818 0-26.741-21.543-14.142-34.142l128.662-128.662c7.81-7.81 20.474-7.81 28.284 0l128.662 128.662c12.6 12.599 3.676 34.142-14.142 34.142z\"><\/path><\/svg><\/span>\n\t\t\t\t\t\t\t\t\t\t\t\t\t<\/span>\n\t\t\t\t\t\t\t\t\t\t\t\t<a class=\"elementor-toggle-title\" tabindex=\"0\">INTRODUCCI\u00d3N A LA CONSTITUCI\u00d3N Y CODIFICACI\u00d3N ORG\u00c1NICA DE ALL DANCE INTERNATIONAL<\/a>\n\t\t\t\t\t<\/div>\n\n\t\t\t\t\t<div id=\"elementor-tab-content-1452\" class=\"elementor-tab-content elementor-clearfix\" data-tab=\"2\" role=\"region\" aria-labelledby=\"elementor-tab-title-1452\"><p align=\"justify\"><b>Art.1<\/b>\u00a0La Constituci\u00f3n y Codificaci\u00f3n Org\u00e1nica de All Dance International instituye los principios, los c\u00f3digos, las normas y reglas fundamentales que rigen a nuestra organizaci\u00f3n All Dance International en el mundo. Regula la organizaci\u00f3n, la acci\u00f3n, el funcionamiento y fija las condiciones de celebraci\u00f3n de los campeonatos oficiales de la danza en el mundo. El c\u00f3digo org\u00e1nico de All Dance International tiene dos objetivos principales:<\/p><p align=\"justify\"><b>1.<\/b>\u00a0La Constituci\u00f3n y Codificaci\u00f3n Org\u00e1nica de All Dance International como instrumento de base de naturaleza normativa, instituye y fija los principios fundamentales y los valores esenciales de forma general en la organizaci\u00f3n All Dance International.<\/p><p align=\"justify\"><b>2.<\/b>\u00a0La Constituci\u00f3n y Codificaci\u00f3n Org\u00e1nica de All Dance International define las funciones, los derechos y obligaciones rec\u00edprocas de los participantes, miembros e integrantes de la organizaci\u00f3n.<\/p><\/div>\n\t\t\t\t<\/div>\n\t\t\t\t\t\t\t<div class=\"elementor-toggle-item\">\n\t\t\t\t\t<div id=\"elementor-tab-title-1453\" class=\"elementor-tab-title\" data-tab=\"3\" role=\"button\" aria-controls=\"elementor-tab-content-1453\" aria-expanded=\"false\">\n\t\t\t\t\t\t\t\t\t\t\t\t<span class=\"elementor-toggle-icon elementor-toggle-icon-left\" aria-hidden=\"true\">\n\t\t\t\t\t\t\t\t\t\t\t\t\t\t\t<span class=\"elementor-toggle-icon-closed\"><svg class=\"e-font-icon-svg e-fas-caret-right\" viewBox=\"0 0 192 512\" xmlns=\"http:\/\/www.w3.org\/2000\/svg\"><path d=\"M0 384.662V127.338c0-17.818 21.543-26.741 34.142-14.142l128.662 128.662c7.81 7.81 7.81 20.474 0 28.284L34.142 398.804C21.543 411.404 0 402.48 0 384.662z\"><\/path><\/svg><\/span>\n\t\t\t\t\t\t\t\t<span class=\"elementor-toggle-icon-opened\"><svg class=\"elementor-toggle-icon-opened e-font-icon-svg e-fas-caret-up\" viewBox=\"0 0 320 512\" xmlns=\"http:\/\/www.w3.org\/2000\/svg\"><path d=\"M288.662 352H31.338c-17.818 0-26.741-21.543-14.142-34.142l128.662-128.662c7.81-7.81 20.474-7.81 28.284 0l128.662 128.662c12.6 12.599 3.676 34.142-14.142 34.142z\"><\/path><\/svg><\/span>\n\t\t\t\t\t\t\t\t\t\t\t\t\t<\/span>\n\t\t\t\t\t\t\t\t\t\t\t\t<a class=\"elementor-toggle-title\" tabindex=\"0\">PRINCIPIOS Y \u00c9TICA DE LA CONSTITUCI\u00d3N Y CODIFICACI\u00d3N ORG\u00c1NICA DE ALL DANCE INTERNATIONAL<\/a>\n\t\t\t\t\t<\/div>\n\n\t\t\t\t\t<div id=\"elementor-tab-content-1453\" class=\"elementor-tab-content elementor-clearfix\" data-tab=\"3\" role=\"region\" aria-labelledby=\"elementor-tab-title-1453\"><p align=\"justify\"><b>Art.2<\/b>\u00a0All Dance International es una filosof\u00eda de vida de principios y \u00e9tica garantista, que incluye: libertad, progreso, bien, valor, paz, uni\u00f3n, honradez, honestidad, respeto, gloria, j\u00fabilo, optimismo, equidad, justicia, inclusi\u00f3n, cultura, compa\u00f1erismo, educaci\u00f3n, armon\u00eda, diversidad y multiculturalidad, basado en la satisfacci\u00f3n del esfuerzo y el respeto por los principios \u00e9ticos fundamentales universales.<\/p><p align=\"justify\"><b>Art.3<\/b>\u00a0La danza es un derecho natural, un derecho humano, una expresi\u00f3n cultural y art\u00edstica, por ello, toda persona tiene el derecho de danzar, es la base de los principios de All Dance International.<\/p><p align=\"justify\"><b>Art.4<\/b>\u00a0Poner siempre la danza a beneficio del ser humano y de la sociedad.<\/p><p align=\"justify\"><b>Art.5<\/b>\u00a0Desarrollar la comunidad danc\u00edstica universal comprometida con el fomento y crecimiento de la danza en el mundo.<\/p><p align=\"justify\"><b>Art.6<\/b>\u00a0El Movimiento Danc\u00edstico Universal se extiende en los cinco continentes, e incluye a todo ser humano e instituci\u00f3n motivado por los principios de All Dance.<\/p><\/div>\n\t\t\t\t<\/div>\n\t\t\t\t\t\t\t<div class=\"elementor-toggle-item\">\n\t\t\t\t\t<div id=\"elementor-tab-title-1454\" class=\"elementor-tab-title\" data-tab=\"4\" role=\"button\" aria-controls=\"elementor-tab-content-1454\" aria-expanded=\"false\">\n\t\t\t\t\t\t\t\t\t\t\t\t<span class=\"elementor-toggle-icon elementor-toggle-icon-left\" aria-hidden=\"true\">\n\t\t\t\t\t\t\t\t\t\t\t\t\t\t\t<span class=\"elementor-toggle-icon-closed\"><svg class=\"e-font-icon-svg e-fas-caret-right\" viewBox=\"0 0 192 512\" xmlns=\"http:\/\/www.w3.org\/2000\/svg\"><path d=\"M0 384.662V127.338c0-17.818 21.543-26.741 34.142-14.142l128.662 128.662c7.81 7.81 7.81 20.474 0 28.284L34.142 398.804C21.543 411.404 0 402.48 0 384.662z\"><\/path><\/svg><\/span>\n\t\t\t\t\t\t\t\t<span class=\"elementor-toggle-icon-opened\"><svg class=\"elementor-toggle-icon-opened e-font-icon-svg e-fas-caret-up\" viewBox=\"0 0 320 512\" xmlns=\"http:\/\/www.w3.org\/2000\/svg\"><path d=\"M288.662 352H31.338c-17.818 0-26.741-21.543-14.142-34.142l128.662-128.662c7.81-7.81 20.474-7.81 28.284 0l128.662 128.662c12.6 12.599 3.676 34.142-14.142 34.142z\"><\/path><\/svg><\/span>\n\t\t\t\t\t\t\t\t\t\t\t\t\t<\/span>\n\t\t\t\t\t\t\t\t\t\t\t\t<a class=\"elementor-toggle-title\" tabindex=\"0\">C\u00d3DIGO ORG\u00c1NICO DE ALL DANCE INTERNATIONAL<\/a>\n\t\t\t\t\t<\/div>\n\n\t\t\t\t\t<div id=\"elementor-tab-content-1454\" class=\"elementor-tab-content elementor-clearfix\" data-tab=\"4\" role=\"region\" aria-labelledby=\"elementor-tab-title-1454\"><p><b>\u00a0 \u00a0 \u00a0 \u00a0 \u00a0 \u00a0 \u00a0 \u00a0 \u00a0 \u00a0 \u00a0 \u00a0 \u00a0 \u00a0 \u00a0 \u00a0 \u00a0 \u00a0 \u00a0 \u00a0 \u00a0 \u00a0 \u00a0 \u00a0 \u00a0 \u00a0 \u00a0 \u00a0 \u00a0 \u00a0 \u00a0 \u00a0 \u00a0 \u00a0 \u00a0 \u00a0 \u00a0 CAP\u00cdTULO I <\/b><b style=\"font-style: inherit;\">NORMA RECTORA<\/b><\/p><p align=\"justify\"><b>Art.7<\/b>\u00a0El C\u00f3digo Org\u00e1nico de All Dance International desarrolla las disposiciones y los principios de la Constituci\u00f3n y Codificaci\u00f3n de All Dance International.<\/p><p><b>\u00a0 \u00a0 \u00a0 \u00a0 \u00a0 \u00a0 \u00a0 \u00a0 \u00a0 \u00a0 \u00a0 \u00a0 \u00a0 \u00a0 \u00a0 \u00a0 \u00a0 \u00a0 \u00a0 \u00a0 \u00a0 \u00a0 \u00a0 \u00a0 \u00a0 \u00a0 \u00a0 \u00a0 \u00a0 \u00a0 \u00a0 \u00a0 \u00a0 \u00a0 \u00a0 \u00a0 \u00a0 \u00a0 \u00a0 CAP\u00cdTULO II <\/b><b style=\"font-style: inherit;\">FINALIDAD<\/b><\/p><p align=\"justify\"><b>Art.8<\/b>\u00a0El C\u00f3digo Org\u00e1nico de All Dance International tiene como finalidad crear, normar y regir a todas las materias, componentes y elementos que constituyen la organizaci\u00f3n.<\/p><p><b>Materias, Componentes y Elementos de la Organizaci\u00f3n All Dance International<\/b><\/p><p align=\"justify\"><b>Art.9<\/b>\u00a0Campeonatos y evaluaciones; All Dance Nation: Gobierno corporativo, Directores Nacionales, Jurados, Facultad All Dance, supervisores, Asesores T\u00e9cnicos, Ejecutivas, Embajadores, Miembros Honorarios, Escuelas de Danza, Directores, Maestros, Core\u00f3grafos, Bailarines, Conductores, Presentadoras, Corresponsales y Aficionados.<\/p><p>*Esta reforma rige desde el 1 de enero del 2021*<\/p><p><strong>\u00a0 \u00a0 \u00a0 \u00a0 \u00a0 \u00a0 \u00a0 \u00a0 \u00a0 \u00a0 \u00a0CAP\u00cdTULO III CONOCIMIENTO DEL C\u00d3DIGO ORG\u00c1NICO DE ALL DANCE INTERNATIONAL<\/strong><\/p><p><strong>Art.10<\/strong> Todos los miembros de All Dance International (Gobierno corporativo, Directores Nacionales, Jurados, Facultad All Dance, Supervisores, Asesores T\u00e9cnicos, Ejecutivas, Embajadores, Miembros Honorarios, Escuelas de danza, Directores, Maestros, Core\u00f3grafo, Bailarines, conductores, presentadoras, corresponsales y Aficionados). Garantizan conocer, saber, aceptar y cumplir la constituci\u00f3n y c\u00f3digo org\u00e1nico All Dance International con sus c\u00f3digos, normas y reglamentos.<\/p><\/div>\n\t\t\t\t<\/div>\n\t\t\t\t\t\t\t\t<\/div>\n\t\t\t\t<\/div>\n\t\t\t\t<\/div>\n\t\t\t\t\t<\/div>\n\t\t<\/div>\n\t\t\t\t\t<\/div>\n\t\t<\/section>\n\t\t\t\t<\/div>\n\t\t","protected":false},"excerpt":{"rendered":"<p>PRE\u00c1MBULO Somos All Dance International, la mayor organizaci\u00f3n del arte de la danza en el mundo, con m\u00e1s de 15 [&hellip;]<\/p>\n","protected":false},"author":2,"featured_media":0,"parent":0,"menu_order":0,"comment_status":"closed","ping_status":"closed","template":"elementor_header_footer","meta":{"site-sidebar-layout":"no-sidebar","site-content-layout":"page-builder","ast-site-content-layout":"full-width-container","site-content-style":"unboxed","site-sidebar-style":"unboxed","ast-global-header-display":"","ast-banner-title-visibility":"","ast-main-header-display":"","ast-hfb-above-header-display":"","ast-hfb-below-header-display":"","ast-hfb-mobile-header-display":"","site-post-title":"disabled","ast-breadcrumbs-content":"","ast-featured-img":"disabled","footer-sml-layout":"","theme-transparent-header-meta":"default","adv-header-id-meta":"","stick-header-meta":"default","header-above-stick-meta":"","header-main-stick-meta":"","header-below-stick-meta":"","astra-migrate-meta-layouts":"set","ast-page-background-enabled":"default","ast-page-background-meta":{"desktop":{"background-color":"var(--ast-global-color-4)","background-image":"","background-repeat":"repeat","background-position":"center center","background-size":"auto","background-attachment":"scroll","background-type":"","background-media":"","overlay-type":"","overlay-color":"","overlay-gradient":""},"tablet":{"background-color":"","background-image":"","background-repeat":"repeat","background-position":"center center","background-size":"auto","background-attachment":"scroll","background-type":"","background-media":"","overlay-type":"","overlay-color":"","overlay-gradient":""},"mobile":{"background-color":"","background-image":"","background-repeat":"repeat","background-position":"center center","background-size":"auto","background-attachment":"scroll","background-type":"","background-media":"","overlay-type":"","overlay-color":"","overlay-gradient":""}},"ast-content-background-meta":{"desktop":{"background-color":"var(--ast-global-color-5)","background-image":"","background-repeat":"repeat","background-position":"center center","background-size":"auto","background-attachment":"scroll","background-type":"","background-media":"","overlay-type":"","overlay-color":"","overlay-gradient":""},"tablet":{"background-color":"var(--ast-global-color-5)","background-image":"","background-repeat":"repeat","background-position":"center center","background-size":"auto","background-attachment":"scroll","background-type":"","background-media":"","overlay-type":"","overlay-color":"","overlay-gradient":""},"mobile":{"background-color":"var(--ast-global-color-5)","background-image":"","background-repeat":"repeat","background-position":"center center","background-size":"auto","background-attachment":"scroll","background-type":"","background-media":"","overlay-type":"","overlay-color":"","overlay-gradient":""}},"footnotes":""},"class_list":["post-548","page","type-page","status-publish","hentry"],"_links":{"self":[{"href":"https:\/\/es.alldancerules.com\/index.php\/wp-json\/wp\/v2\/pages\/548","targetHints":{"allow":["GET"]}}],"collection":[{"href":"https:\/\/es.alldancerules.com\/index.php\/wp-json\/wp\/v2\/pages"}],"about":[{"href":"https:\/\/es.alldancerules.com\/index.php\/wp-json\/wp\/v2\/types\/page"}],"author":[{"embeddable":true,"href":"https:\/\/es.alldancerules.com\/index.php\/wp-json\/wp\/v2\/users\/2"}],"replies":[{"embeddable":true,"href":"https:\/\/es.alldancerules.com\/index.php\/wp-json\/wp\/v2\/comments?post=548"}],"version-history":[{"count":25,"href":"https:\/\/es.alldancerules.com\/index.php\/wp-json\/wp\/v2\/pages\/548\/revisions"}],"predecessor-version":[{"id":3779,"href":"https:\/\/es.alldancerules.com\/index.php\/wp-json\/wp\/v2\/pages\/548\/revisions\/3779"}],"wp:attachment":[{"href":"https:\/\/es.alldancerules.com\/index.php\/wp-json\/wp\/v2\/media?parent=548"}],"curies":[{"name":"wp","href":"https:\/\/api.w.org\/{rel}","templated":true}]}}